e of 201?
False
Is 16 a factor of 330291?
False
Is 51 a factor of 238226?
False
Does 2 divide 576812?
True
Is 720 a factor of 194532?
False
Is 23 a factor of 281297?
False
Is 419940 a multiple of 60?
True
Is 20 a factor of 127708?
False
Does 11 divide 224367?
True
Is 134976 a multiple of 192?
True
Is 9 a factor of 184227?
False
Does 133 divide 16407412?
True
Is 8 a factor of 16997?
False
Is 7471430 a multiple of 308?
False
Does 85 divide 1740460?
True
Is 130 a factor of 30318?
False
Is 121 a factor of 336249?
False
Does 10 divide 146440?
True
Is 5509608 a multiple of 74?
False
Is 11 a factor of 132638?
True
Is 138 a factor of 587328?
True
Is 5290125 a multiple of 397?
False
Does 96 divide 13851454?
False
Is 44 a factor of 730912?
False
Is 5 a factor of 188425?
True
Does 19 divide 244682?
True
Is 396528 a multiple of 88?
True
Does 6 divide 1742616?
True
Is 611244 a multiple of 24?
False
Is 450175 a multiple of 248?
False
Is 1101 a factor of 2471726?
False
Is 279632 a multiple of 2?
True
Is 494958 a multiple of 938?
False
Is 9 a factor of 3164706?
True
Is 1651137 a multiple of 767?
False
Is 562082 a multiple of 463?
True
Is 2138395 a multiple of 107?
True
Does 14 divide 508186?
True
Is 5973666 a multiple of 25?
False
Is 12411934 a multiple of 1604?
False
Is 5667201 a multiple of 66?
False
Does 19 divide 4732424?
False
Does 280 divide 122080?
True
Does 11 divide 166716?
True
Does 53 divide 1825936?
False
Is 10175823 a multiple of 49?
False
Is 841321 a multiple of 123?
False
Does 77 divide 573419?
True
Is 70 a factor of 571717?
False
Is 108 a factor of 1300393?
False
Is 18360 a multiple of 340?
True
Is 1776662 a multiple of 1373?
True
Is 2869139 a multiple of 769?
True
Is 374 a factor of 3561602?
True
Is 1659010 a multiple of 1012?
False
Is 4904401 a multiple of 583?
False
Is 39 a factor of 244647?
True
Is 1550 a factor of 12018957?
False
Is 17016 a multiple of 73?
False
Is 383940 a multiple of 158?
True
Is 33 a factor of 865600?
False
Does 11 divide 479655?
True
Is 23544 a multiple of 63?
False
Does 2 divide 13353?
False
Does 48 divide 7693376?
False
Is 4842292 a multiple of 52?
True
Does 689 divide 13200928?
False
Does 21 divide 5956127?
False
Does 18 divide 34866?
True
Does 11 divide 12804?
True
Is 11 a factor of 84722?
True
Does 688 divide 1168224?
True
Is 132 a factor of 363776?
False
Is 268716 a multiple of 17?
False
Is 428 a factor of 1776628?
True
Is 590 a factor of 281430?
True
Is 69 a factor of 79971?
True
Does 349 divide 242904?
True
Is 1597754 a multiple of 814?
False
Is 4238072 a multiple of 743?
True
Is 168644 a multiple of 3?
False
Does 83 divide 806345?
True
Is 38 a factor of 31768?
True
Does 3 divide 16823?
False
Is 1593889 a multiple of 81?
False
Is 111442 a multiple of 29?
False
Is 110 a factor of 2934140?
True
Does 58 divide 172202?
True
Does 189 divide 17010?
True
Does 827 divide 372150?
True
Is 29 a factor of 222681?
False
Does 106 divide 6145350?
True
Is 275745 a multiple of 15?
True
Does 4 divide 198244?
True
Is 40 a factor of 10090433?
False
Does 2120 divide 11999200?
True
Does 81 divide 142890?
False
Is 24 a factor of 3041362?
False
Is 286 a factor of 298012?
True
Is 39098 a multiple of 21?
False
Is 19 a factor of 2810309?
True
Is 792 a factor of 4329004?
False
Is 22 a factor of 92247?
False
Is 7004700 a multiple of 905?
True
Does 122 divide 246886?
False
Does 792 divide 25927859?
False
Is 130620 a multiple of 210?
True
Is 1946502 a multiple of 49?
False
Is 27 a factor of 4419?
False
Is 229789 a multiple of 52?
False
Is 73849 a multiple of 61?
False
Is 23664 a multiple of 174?
True
Is 95 a factor of 1839105?
True
Is 14280 a multiple of 255?
True
Does 230 divide 134309?
False
Is 27324 a multiple of 23?
True
Is 32543 a multiple of 83?
False
Is 141 a factor of 1293111?
True
Is 24 a factor of 2738400?
True
Is 11 a factor of 11348?
False
Does 24 divide 15696?
True
Does 15 divide 314625?
True
Is 357105 a multiple of 3?
True
Is 267561 a multiple of 22?
False
Is 25 a factor of 268600?
True
Is 24 a factor of 304715?
False
Is 30577968 a multiple of 51?
True
Does 37 divide 116557?
False
Is 219904 a multiple of 175?
False
Is 32236 a multiple of 52?
False
Is 190 a factor of 3075340?
True
Is 1246317 a multiple of 39?
False
Is 11 a factor of 52295?
False
Does 255 divide 67320?
True
Does 47 divide 95653?
False
Is 2754930 a multiple of 262?
True
Is 239272 a multiple of 88?
True
Is 160 a factor of 167840?
True
Does 91 divide 133846?
False
Is 116 a factor of 10621443?
False
Is 261888 a multiple of 8?
True
Does 3 divide 138837?
True
Does 49 divide 798997?
False
Is 111485 a multiple of 92?
False
Does 19 divide 956802?
True
Is 404 a factor of 316321?
False
Is 3 a factor of 332655?
True
Does 105 divide 86307?
False
Is 96981 a multiple of 2?
False
Is 141 a factor of 1532020?
False
Is 37 a factor of 101260?
False
Is 218 a factor of 152818?
True
Is 19731 a multiple of 46?
False
Is 10013454 a multiple of 982?
True
Is 299152 a multiple of 28?
True
Does 1674 divide 5978416?
False
Does 32 divide 1378164?
False
Does 38 divide 7056730?
False
Is 812436 a multiple of 4?
True
Is 20 a factor of 3220?
True
Is 606904 a multiple of 20?
False
Is 595078 a multiple of 242?
True
Is 168 a factor of 6713112?
True
Is 756 a multiple of 36?
True
Is 2 a factor of 968?
True
Is 1030323 a multiple of 129?
True
Is 499 a factor of 846539?
False
Is 78 a factor of 143052?
True
Is 149 a factor of 2604244?
False
Does 11 divide 8877?
True
Does 28 divide 61068?
True
Does 182 divide 2522520?
True
Is 615018 a multiple of 77?
False
Is 89 a factor of 1360535?
False
Is 95 a factor of 2500196?
False
Is 29 a factor of 18444?
True
Is 15 a factor of 550600?
False
Is 696122 a multiple of 14?
True
Is 545 a factor of 239255?
True
Is 12 a factor of 53561?
False
Is 2518716 a multiple of 12?
True
Is 30 a factor of 286225?
False
Is 2515308 a multiple of 309?
False
Does 62 divide 35278?
True
Is 76 a factor of 80634?
False
Does 269 divide 39812?
True
Does 13 divide 13390510?
False
Is 49 a factor of 341873?
True
Is 1890901 a multiple of 9?
False
Is 387722 a multiple of 16?
False
Does 246 divide 38130?
True
Does 13 divide 2632383?
True
Is 131 a factor of 13929530?
False
Is 191128 a multiple of 56?
True
Is 1104264 a multiple of 504?
True
Is 5 a factor of 277213?
False
Is 158 a factor of 367192?
True
Is 106305 a multiple of 14?
False
Is 66 a factor of 1111147?
False
Is 255432 a multiple of 29?
True
Is 1681 a factor of 2869467?
True
Is 6764425 a multiple of 605?
False
Does 166 divide 679106?
True
Is 5266330 a multiple of 62?
False
Is 108352 a multiple of 14?
False
Is 92569 a multiple of 260?
False
Is 223 a factor of 215195?
True
Is 4459286 a multiple of 23?
True
Is 11725104 a multiple of 758?
False
Does 747 divide 1696607?
False
Does 209 divide 3412289?
False
Does 156 divide 52311?
False
Is 17010 a multiple of 5?
True
Is 8 a factor of 55215?
False
Does 105 divide 61876?
False
Does 467 divide 4670?
True
Is 267 a factor of 18331461?
False
Does 9 divide 607197?
False
Does 4 divide 1897?
False
Is 11448206 a multiple of 14?
True
Is 6244884 a multiple of 1057?
False
Is 325 a factor of 5278650?
True
Does 20 divide 28006434?
False
Does 29 divide 3390958?
False
Is 284 a factor of 2452340?
True
Does 310 divide 102920?
True
Does 993 divide 5352327?
False
Does 17 divide 325329?
True
Does 729 divide 710775?
True
Is 336 a factor of 713292?
False
Is 15624248 a multiple of 31?
True
Is 756 a factor of 1843884?
True
Is 200387 a multiple of 11?
True
Does 322 divide 311374?
True
Is 645017 a multiple of 41?
False
Does 91 divide 2043769?
True
Is 644937 a multiple of 208?
False
Does 34 divide 5644?
True
Is 479 a factor of 7173025?
True
Is 38 a factor of 122143?
False
Does 6 divide 5865334?
False
Does 113 divide 294494?
False
Does 461 divide 1379226?
False
Does 189 divide 1752030?
True
Is 114 a factor of 151506?
True
Is 157652 a multiple of 44?
True
Is 19116390 a multiple of 991?
True
Does 33 divide 1010559?
True
Does 40 divide 275640?
True
Does 9 divide 581075?
False
Does 241 divide 4167883?
False
Is 135 a factor of 3696626?
False
Is 2094553 a multiple of 17?
True
Is 238 a factor of 5732981?
False
Is 3636750 a multiple of 826?
False
Is 6 a factor of 93444?
True
Is 169190 a multiple of 7?
True
Does 453 divide 7114781?
Fal